u. Let r = o + -21. What are the prime factors of r?
2, 7
Let i(y) = -y**3 - 11*y**2 - 12*y + 10. Let n be i(-10). Let g = n - -24. List the prime factors of g.
2, 3
Let j(k) = -4*k - 15. Suppose -4*l - 35 = l. Let v be j(l). Suppose v*z = 9*z + 188. List the prime factors of z.
47
Let j(h) = 3*h + 13. Suppose k - 4*k + 33 = 0. Let y be j(k). Suppose 3*t = 92 + y. List the prime factors of t.
2, 23
Suppose 0 = -c - 6*c + 1834. Let b = -166 + c. What are the prime factors of b?
2, 3
Let z = 8 - 6. Suppose z*i - 13 - 23 = 0. What are the prime factors of 3*21/i*2?
7
Let b(q) = q**3 - 8*q**2 - 9*q + 13. Suppose 36 = 9*u - 5*u. Let p be b(u). Suppose -1 - p = -n. What are the prime factors of n?
2, 7
Let n(t) = -19*t + 99*t**2 - t**3 - 11 - 115*t**2 + 0*t**3. What are the prime factors of n(-15)?
7
Let t be (8 + 1/(-1))*-1. Let b(a) = 83*a + 4*a**2 - 79*a - 3*a**2 + 1. What are the prime factors of b(t)?
2, 11
Let z(b) = b + 69. Let x be z(-7). Suppose -2 = s - 6. Suppose x = s*h + 18. What are the prime factors of h?
11
Suppose -2*t = -5*t + 3, -4*t = 3*y - 2524. List the prime factors of y.
2, 3, 5, 7
Let t(g) = -g - 1. Let j(s) = 2*s - 2. Let k(o) = -j(o) - 3*t(o). Let z be k(-3). What are the prime factors of (-25)/2*(z - 4)?
5
Let x(t) = -7*t**3 + t**2 - 1. Suppose 18*i - 13*i + 10 = 0. List the prime factors of x(i).
59
Let x(s) = s**2 + 3*s. Let j be x(-5). Let i be (-9)/15 + (-4)/j. What are the prime factors of (-21)/(-3) + (i - -3)?
3
Let j(g) = g + 1. Let f(r) = 4*r + 15. Let o(c) = f(c) - 3*j(c). Let k = -135 + 126. List the prime factors of o(k).
3
Let p(j) be the second derivative of 13*j**4/6 - j**2/2 + 16*j. List the prime factors of p(-1).
5
Let p be 173/4 - 1/4. Let c(o) = o**3 + 28*o**2 + 26*o - 28. Let m be c(-27). What are the prime factors of 7/21*(p + m)?
2, 7
Let d = 142 - 66. Let m = d + -40. Let j = m - 25. What are the prime factors of j?
11
Suppose k - 4*i = 246, -3*k + i = -444 - 305. Suppose 3*t - 97 = -k. What are the prime factors of 28/(-21)*t/2?
2, 17
Let l(w) = 177*w**2 + 14*w - 2. List the prime factors of l(-3).
1549
Suppose -5*a - 14 = 1. Let q be 1*(-3)/a*7. List the prime factors of q + (3 - 3)/2.
7
Let h = 14 - -119. Let w = 222 - h. What are the prime factors of w?
89
Let x = -194 + 459. List the prime factors of x.
5, 53
Let d = 88 - 70. List the prime factors of (2/6)/(d/6102).
113
Suppose o - 3*c = 203, -5*c - 16 = -6. List the prime factors of o.
197
Suppose -4*l + 2 = -3*l. Suppose -3*u + 21 = 3. Suppose m - u = -l. What are the prime factors of m?
2
Let o = 276 - 240. List the prime factors of o.
2, 3
Suppose 3*m = 3*r + 2*r + 572, r - 5*m = -110. Let p = r + 234. List the prime factors of p.
7, 17
Let u = 35 + -32. Suppose -u*d - 3*v = -2*d - 81, -339 = -4*d + 3*v. What are the prime factors of d?
2, 3, 7
List the prime factors of 286/12 - 45/54.
23
Suppose 2*o = -4*o - 276. Let n = 50 - o. List the prime factors of n.
2, 3
Suppose -5*j - 4*u = -10934 + 67, 3*u = 5*j - 10846. List the prime factors of j.
13, 167
Let l(z) = 27*z + 20. Let h = 73 + -69. List the prime factors of l(h).
2
Suppose -15*f + 52*f = 38554. List the prime factors of f.
2, 521
Let a(y) = -76*y - 33. Let k be a(-6). Suppose 29*w - 32*w + k = 0. What are the prime factors of w?
3, 47
Let l(c) = -c**2 + 17*c + 30. Let a be l(18). Suppose a*q - 10*q = -5*o + 119, 143 = 2*q - 3*o. List the prime factors of q.
67
What are the prime factors of (890/6)/(94/1128)?
2, 5, 89
Suppose 0 = 14*y - 20*y + 696. Let t = y + 108. List the prime factors of t.
2, 7
Let g = 31 - 31. Suppose 6*k - k - 200 = g. List the prime factors of k.
2, 5
Suppose 0 = -3*x + 2*z + 1237, -8*x = -6*x + 5*z - 812. What are the prime factors of x?
3, 137
Let l(i) = -7*i - 8. Let m(x) = 21*x + 25. Let b(d) = 7*l(d) + 2*m(d). Let r be b(-3). What are the prime factors of r - -20 - (1 + 3)?
31
Suppose -3498 = -2*q - 2*j, 4*q - 7*q + 5237 = 5*j. What are the prime factors of q?
2, 877
Let s(d) = 58*d + 309. List the prime factors of s(33).
3, 13, 19
Let g(a) = -232*a + 15. List the prime factors of g(-4).
23, 41
Let q(f) = -10 + 2*f - 8*f + 4*f. Let x be q(-5). Suppose -d - 79 = -2*a, a + x*a - 4*d = 36. List the prime factors of a.
2, 5
What are the prime factors of (-1 - -2)/(6 + 11550/(-1926))?
3, 107
Suppose 0*a = 6*a. Suppose -508 = -4*h - a*h. What are the prime factors of h?
127
Suppose -5*w + 13833 = 12*s - 13*s, 0 = -4*s - 12. What are the prime factors of w?
2, 3, 461
Let p = -491 + 527. What are the prime factors of p?
2, 3
Let s be (4 - 135/(-3))/(-1). Let n = s + 119. What are the prime factors of n?
2, 5, 7
Suppose 1602 = 2*t - y - 3*y, -5*y - 1603 = -2*t. List the prime factors of t.
17, 47
Let o = 36 - 34. Suppose -5*v - a + 167 = 0, -o*v - 3*a = a - 56. Let l = 18 + v. What are the prime factors of l?
2, 13
Suppose -195 = -3*p - 0*p. Suppose s - p + 25 = 0. Suppose 3*v = v + s. What are the prime factors of v?
2, 5
Let p(d) = 17*d - 30. Let b be p(2). Suppose 0*h = -b*h + 768. What are the prime factors of h?
2, 3
Let p(k) = 12*k + k**3 - 24 - 2*k**3 + 2*k**3 + 15*k**2 + 4. Let y be p(-14). Suppose -y = -o + 6. What are the prime factors of o?
2, 7
Let j(v) = -301*v**3 - 2*v**2 + 5*v + 9. List the prime factors of j(-2).
2399
List the prime factors of (-8)/((-32)/20) + 232.
3, 79
Suppose -128 = -2*m + 6*m. Let n = m + 59. Let h = n - 16. What are the prime factors of h?
11
Let o = -187 - -319. Suppose 5*w + o - 732 = 0. What are the prime factors of w?
2, 3, 5
Let v(x) = x + 3. Let a be v(2). Suppose 0 = -5*d + a + 10. Suppose -5*n = -d*n - 20. List the prime factors of n.
2, 5
Let j(l) = 97*l**2 - 6*l + 7. What are the prime factors of j(2)?
383
Suppose -9*j + 123 = -2271. Let y = j - 159. List the prime factors of y.
107
Let z(t) = -t**2 - 4*t - 2. Let i be z(-4). Let m(j) be the third derivative of j**5/10 + j**4/24 + j**3/3 + 19*j**2. List the prime factors of m(i).
2, 3
Let r(w) = w**2 - w + 81. Let o be r(0). Suppose q = -q + 4. Suppose -9 = -q*b + o. What are the prime factors of b?
3, 5
Let z = -389 - -650. List the prime factors of z.
3, 29
Let y = 3968 + -2095. List the prime factors of y.
1873
Let b(c) = -265*c + 121. What are the prime factors of b(-6)?
29, 59
Let p(x) = x - 1. Suppose 0 = 2*r - q - 14, -r = -3*r - 2*q + 2. Let v be p(r). Suppose 3*h - v*k = 4*h, -3*h - 4*k = -32. What are the prime factors of h?
2
Suppose -29*z + 54313 = 11190. What are the prime factors of z?
1487
Let y(k) = k + 6. Suppose 2*t + 4 = 0, -2*a + 5*t = a - 13. Let g(m) = 11*m**2 + m. Let n be g(a). What are the prime factors of y(n)?
2, 3
List the prime factors of 5/(-75)*-3*4*515.
2, 103
Suppose -o = -2*o - 2, -4*o = 5*n + 8. Suppose n = -0*r - 3*r + 294. What are the prime factors of r?
2, 7
Let f(l) = -33*l - 4. Let j be f(-8). Let c = j + -134. What are the prime factors of c?
2, 3, 7
Let d(z) = z**2 - 10*z + 341. List the prime factors of d(32).
5, 11, 19
Let h be 140/10*(-2)/(-4). Let f be (-1*(h + -4))/(-1). Suppose 2*r - 35 = f. List the prime factors of r.
19
Let m(d) = d**3 + 30*d**2 - 70*d - 317. What are the prime factors of m(-24)?
61, 79
Let f(w) be the second derivative of 13*w**3/6 + 7*w**2/2 + 9*w. Let s be f(-6). Let d = -48 - s. List the prime factors of d.
23
Suppose -2*a + 119 = -97. Suppose 8*w = 2*w + a. What are the prime factors of w?
2, 3
List the prime factors of ((-2)/5)/((-32)/27520).
2, 43
Let z(i) = 6*i + 6. Let y be z(-3). Let w be 9/y + (-51)/12. Let v(s) = 2*s**2 + 5*s + 11. List the prime factors of v(w).
2, 3
What are the prime factors of 6441/15 - -5 - (-2)/(-5)?
2, 7, 31
Let h(w) = -w**3 + 11*w**2 + 17*w - 13. Let a be 4/(-6)*(-26 + 8). What are the prime factors of h(a)?
47
Let o be (-4)/(-30) - (-5118)/90. Suppose -687 + o = -5*p. List the prime factors of p.
2, 3, 7
Let p(a) = 2*a**2 - 11*a - 54. List the prime factors of p(12).
2, 3, 17
Let i(l) be the second derivative of l**3/6 - 3*l. Let k be i(-5). Let z = k - -36. What are the prime factors of z?
31
Let d(l) = -l**2 - 89*l - 131. What are the prime factors of d(-32)?
1693
Let s(j) = 8*j**2 - 19*j - 28. List the prime factors of s(-7).
7, 71
Suppose 0 = -5*u - 927 + 162. Let o = -91 - u. What are the prime factors of o?
2, 31
Let i be -3 + 0 + (146 - 0). Let z